ided by 76.
53
What is the remainder when 15494 is divided by 1686?
320
What is the remainder when 61750 is divided by 77?
73
Calculate the remainder when 26228 is divided by 2179.
80
Calculate the remainder when 78 is divided by 37.
4
Calculate the remainder when 13013 is divided by 344.
285
What is the remainder when 8465 is divided by 157?
144
What is the remainder when 17159 is divided by 5712?
23
What is the remainder when 1299 is divided by 308?
67
What is the remainder when 66399 is divided by 772?
7
Calculate the remainder when 1866990 is divided by 1593.
1587
What is the remainder when 5213 is divided by 580?
573
What is the remainder when 8929 is divided by 470?
469
What is the remainder when 18807 is divided by 15?
12
What is the remainder when 1795 is divided by 200?
195
What is the remainder when 54283 is divided by 146?
117
Calculate the remainder when 6677 is divided by 6114.
563
What is the remainder when 29969 is divided by 937?
922
Calculate the remainder when 138286 is divided by 134.
132
Calculate the remainder when 1298 is divided by 315.
38
Calculate the remainder when 144393 is divided by 146.
145
What is the remainder when 1014 is divided by 51?
45
Calculate the remainder when 55202 is divided by 108.
14
What is the remainder when 29325 is divided by 523?
37
What is the remainder when 17128 is divided by 44?
12
What is the remainder when 1696 is divided by 212?
0
Calculate the remainder when 576756 is divided by 32042.
0
Calculate the remainder when 223987 is divided by 137.
129
Calculate the remainder when 23774 is divided by 881.
868
Calculate the remainder when 547 is divided by 271.
5
What is the remainder when 5719 is divided by 65?
64
Calculate the remainder when 7703 is divided by 1538.
13
What is the remainder when 38742 is divided by 3521?
11
What is the remainder when 92025 is divided by 4001?
2
Calculate the remainder when 25822 is divided by 94.
66
Calculate the remainder when 3597 is divided by 3491.
106
What is the remainder when 68479 is divided by 355?
319
What is the remainder when 3332 is divided by 1583?
166
What is the remainder when 1267773 is divided by 134?
133
What is the remainder when 6437 is divided by 2141?
14
What is the remainder when 10914 is divided by 667?
242
What is the remainder when 45685 is divided by 835?
595
What is the remainder when 112676 is divided by 40?
36
What is the remainder when 3335 is divided by 278?
277
Calculate the remainder when 183295 is divided by 279.
271
Calculate the remainder when 1859545 is divided by 794.
791
Calculate the remainder when 207729 is divided by 42.
39
What is the remainder when 18263 is divided by 281?
279
Calculate the remainder when 105403 is divided by 35132.
7
Calculate the remainder when 13939 is divided by 267.
55
What is the remainder when 566637 is divided by 6159?
9
Calculate the remainder when 389350 is divided by 6599.
9
What is the remainder when 6849 is divided by 874?
731
What is the remainder when 2137 is divided by 19?
9
Calculate the remainder when 1127369 is divided by 55.
34
What is the remainder when 48027 is divided by 158?
153
Calculate the remainder when 20420 is divided by 494.
166
Calculate the remainder when 5317 is divided by 587.
34
Calculate the remainder when 62588 is divided by 128.
124
What is the remainder when 27109 is divided by 13438?
233
Calculate the remainder when 1560 is divided by 241.
114
What is the remainder when 12238 is divided by 1372?
1262
What is the remainder when 2550892 is divided by 14?
8
What is the remainder when 10118 is divided by 531?
29
Calculate the remainder when 150108 is divided by 10.
8
What is the remainder when 1073 is divided by 538?
535
What is the remainder when 22760 is divided by 80?
40
Calculate the remainder when 2688 is divided by 1137.
414
What is the remainder when 1563 is divided by 1543?
20
What is the remainder when 69676 is divided by 520?
516
Calculate the remainder when 2114 is divided by 56.
42
Calculate the remainder when 315 is divided by 258.
57
What is the remainder when 829 is divided by 662?
167
What is the remainder when 402 is divided by 157?
88
What is the remainder when 988564 is divided by 17?
14
Calculate the remainder when 9173 is divided by 592.
293
Calculate the remainder when 10615 is divided by 2117.
30
Calculate the remainder when 10936 is divided by 5456.
24
Calculate the remainder when 29594 is divided by 151.
149
Calculate the remainder when 45899 is divided by 45.
44
What is the remainder when 1069556 is divided by 1687?
1685
What is the remainder when 2223 is divided by 588?
459
What is the remainder when 31547 is divided by 7?
5
What is the remainder when 8586 is divided by 330?
6
What is the remainder when 3062 is divided by 18?
2
Calculate the remainder when 19410 is divided by 340.
30
What is the remainder when 60199 is divided by 171?
7
What is the remainder when 35770 is divided by 11?
9
What is the remainder when 94171 is divided by 494?
311
Calculate the remainder when 3867 is divided by 727.
232
What is the remainder when 4487 is divided by 1491?
14
What is the remainder when 1930 is divided by 191?
20
What is the remainder when 375729 is divided by 147?
144
What is the remainder when 2338 is divided by 375?
88
Calculate the remainder when 4605 is divided by 128.
125
Calculate the remainder when 573 is divided by 188.
9
What is the remainder when 51802 is divided by 171?
160
Calculate the remainder when 19552 is divided by 13.
0
Calculate the remainder when 67137 is divided by 5.
2
What is the remainder when 2449 is divided by 177?
148
Calculate the remainder when 7144 is divided by 3138.
868
What is the remainder when 5859 is divided by 17?
11
Calculate the remainder when 33274 is divided by 74.
48
Calculate the remainder when 99814 is divided by 58.
54
Calculate the remainder when 30574 is divided by 84.
82
What is the remainder when 43078 is divided by 40?
38
What is the remainder when 94662 is divided by 24?
6
What is the remainder when 395 is divided by 162?
71
What is the remainder when 27777 is divided by 96?
33
Calculate the remainder when 18790 is divided by 2949.
1096
What is the remainder when 2653 is divided by 1310?
33
Calculate the remainder when 8498 is divided by 607.
0
What is the remainder when 5938 is divided by 68?
22
Calculate the remainder when 18385 is divided by 56.
17
What is the remainder when 2187 is divided by 369?
342
Calculate the remainder when 18566 is divided by 160.
6
What is the remainder when 6862 is divided by 181?
165
What is the remainder when 140429 is divided by 134?
131
What is the remainder when 2556742 is divided by 875?
867
What is the remainder when 254799 is divided by 140?
139
Calculate the remainder when 96576 is divided by 391.
390
What is the remainder when 345 is divided by 13?
7
Calculate the remainder when 149201 is divided by 9.
8
Calculate the remainder when 12581 is divided by 4143.
152
Calculate the remainder when 8493 is divided by 36.
33
Calculate the remainder when 2548 is divided by 79.
20
What is the remainder when 9982 is divided by 2193?
1210
Calculate the remainder when 3678 is divided by 299.
90
What is the remainder when 267990 is divided by 1015?
30
What is the remainder when 146741 is divided by 3189?
47
Calculate the remainder when 453287 is divided by 202.
201
Calculate the remainder when 1642 is divided by 410.
2
Calculate the remainder when 98340 is divided by 65.
60
What is the remainder when 62832 is divided by 59?
56
What is the remainder when 5425 is divided by 111?
97
Calculate the remainder when 456315 is divided by 55.
35
Calculate the remainder when 82299 is divided by 5459.
414
What is the remainder when 17917 is divided by 72?
61
Calculate the remainder when 93851 is divided by 334.
331
What is the remainder when 968 is divided by 146?
92
Calculate the remainder when 743 is divided by 206.
125
What is the remainder when 128889 is divided by 72?
9
Calculate the remainder when 469451 is divided by 6.
5
Calculate the remainder when 285361 is divided by 1551.
1528
What is the remainder when 468 is divided by 121?
105
What is the remainder when 1769 is divided by 75?
44
What is the remainder when 29938 is divided by 16?
2
Calculate the remainder wh